 21610. What is the remainder when v is divided by u?
11
Let i(h) = -8*h - 3. Calculate the remainder when 42926/754 + (-7)/(609/(-6)) is divided by i(-2).
5
Calculate the remainder when 30 is divided by ((-240)/160)/(1/(-10)).
0
Let n(w) = -w**3 + 9*w**2 + w - 13. Let z be n(9). What is the remainder when -2 - ((-28 - 3) + -3) is divided by ((-34)/z)/(5/10)?
15
Let o = -53 + 39. Suppose 51 = 5*i - 29. Calculate the remainder when (-325)/(-3) + o/(-21) is divided by i.
13
Let d = 30 + -5. Let a = 78 - d. Suppose r - 8 = -k, -r = -5*k + a - 19. Calculate the remainder when 27 is divided by k.
6
Suppose -3*f + 8 = -v + 30, -v = -5*f - 28. Let b(a) = 4*a**2 + 15 - 8*a - a**2 - 2*a**2. Calculate the remainder when v is divided by b(6).
1
Let l = -27 - -51. What is the remainder when l is divided by 5?
4
Let c(k) = 16*k**2 - 40*k - 31. Let j(l) = -5*l**2 + 13*l + 10. Let a(m) = -2*c(m) - 7*j(m). What is the remainder when a(8) is divided by 20?
16
Suppose 3*s + 4 = 1. Let o(v) = v + 5. What is the remainder when (-2)/s - (-38 - 1) is divided by o(6)?
8
Let b(z) = 2*z**3 + 3*z - 3. Calculate the remainder when b(6) is divided by 45.
42
Let b(u) = -u**2 + 21. Let t = -1 - -1. Suppose -p + 2*d + 19 = 0, -3*p + 5*d = -0*p - 53. What is the remainder when b(t) is divided by p?
10
Suppose 6*f = 16*f + 1310. Let t = 189 + f. What is the remainder when t is divided by 16?
10
Let s be 6/24 - 1/4*1. Suppose 3*j = -s*p + 5*p - 118, -5*j + 20 = 0. Calculate the remainder when 99 is divided by p.
21
Let p be (-2)/(-3) + (-49)/(-21). What is the remainder when 12/3 + 76/(p - 1) is divided by 12?
6
Suppose 0 = -5*p + z + 838, 0 = 2*p - 4*z - 241 - 105. What is the remainder when p is divided by 35?
27
Let v(s) = 2*s**2 + 21*s + 58. What is the remainder when 47 is divided by v(-3)?
8
Let f(y) be the first derivative of 6*y**2 + 3*y + 24. What is the remainder when 115 is divided by f(3)?
37
Let r(i) = i**2 - 7*i + 12. Let x be r(6). Suppose x*j = -6 + 72. Let z(c) = -c**2 + 14*c + 1. What is the remainder when 100 is divided by z(j)?
32
Let l(h) = 64*h**2 - 3*h - 2. Calculate the remainder when 154 is divided by l(-1).
24
Calculate the remainder when 14 is divided by 2 + ((-90)/(-6))/3.
0
What is the remainder when 54/7 - 2/(-7) is divided by ((-104)/(-78))/((-88)/(-36) - 2)?
2
Let r be -14*(4 - 45/10). Let m(j) = 2*j**2 - 8*j + 8. What is the remainder when m(r) is divided by 13?
11
Suppose 16*j - 26 = -2*o + 14*j, 0 = -3*o + 4*j + 32. Calculate the remainder when 33 is divided by o.
9
Let y(z) = z**2 - 13*z - 17. Let v be y(13). Let x = 102 - v. Calculate the remainder when x is divided by 24.
23
Let i(m) = -17 + 8*m - m**2 + 37 + 4. What is the remainder when i(10) is divided by 2?
0
Let k = 2348 - 2312. Calculate the remainder when 79 is divided by k.
7
Let a(x) = 4*x + 20. Let u be a(10). Suppose 0 = 8*f - 3*f - u. Let n = f - 0. What is the remainder when 34 is divided by n?
10
Let w = -7 + 29. Let x(k) = 38*k + 194. What is the remainder when x(-4) is divided by w?
20
Let o(h) = 78*h. Let w be o(2). Let b = 223 - w. Let d = 12 + 11. What is the remainder when b is divided by d?
21
Let c = 224 + -204. Calculate the remainder when 63 is divided by c.
3
Let q(m) = 6*m + 2. What is the remainder when q(5) is divided by 9 + 9/3 + 5/(-5)?
10
Let t = 4 + 1. Let b = t - -12. Let s(m) = -m**3 + 10*m**2 - 9*m + 9. What is the remainder when b is divided by s(9)?
8
Suppose 0 = -5*j + 20, 0 = 5*n - 2*j + j + 4. Suppose n = -x - 4*x. Suppose 4*g + x*g = 304. Calculate the remainder when g is divided by 26.
24
Calculate the remainder when 160/6 - 8*(-4)/(-48) is divided by 19.
7
Suppose -6 + 20 = -3*p + 4*d, 0 = 3*p - 2*d + 4. Suppose 27 = p*j + j. Let v(n) = -n**3 + 8*n**2 + 9*n + 7. What is the remainder when v(j) is divided by 3?
1
Suppose 0 = 3*f - 0*f + 4*s - 43, -5*f + 2*s + 37 = 0. Suppose 2*j - f = -3. Calculate the remainder when 15 is divided by j.
0
Let q be (-1350)/12 - (-3)/(-6). Let u = -110 - q. What is the remainder when 6 is divided by u?
0
What is the remainder when 37 is divided by 5*(48/(-15) + 5)?
1
Let u be 5*-2*(-40)/50. Suppose 0*h - s + 28 = 2*h, -4*s = -u. Suppose -2*g + 82 = -0*g - 4*f, 2*g - 94 = f. Calculate the remainder when g is divided by h.
10
Calculate the remainder when -4 + (-429)/(-5 - -2) is divided by 37.
28
Let s(z) = -13*z + 18. Calculate the remainder when s(-5) is divided by 33.
17
Let l(s) = -34*s - 20. Suppose 13*w - 8 = 15*w. What is the remainder when l(w) is divided by 20?
16
Let k(l) be the third derivative of 13*l**6/40 + l**5/30 - l**4/24 - 6*l**2. Let p(y) = 5*y - 6. What is the remainder when k(1) is divided by p(4)?
12
Suppose -20*w = -21*w + 40. What is the remainder when 153 is divided by w?
33
Suppose -2*z - 4*w = -22, -3*w + 3 = -z + 2*w. Let k = 42 - z. Calculate the remainder when k is divided by 18.
17
Suppose 18*i - 19*i = 2*o - 75, 5*i = -2*o + 391. Calculate the remainder when 629 is divided by i.
76
Let q(p) = p + 10. Let t be q(-9). Let j be (t - -8) + (5 - 4). Let i = -4 + j. What is the remainder when 9 is divided by i?
3
Let i = 17 + -13. Suppose 0 = 4*h + 2*y - i, 0*h - 2*y = -3*h + 17. Suppose 2*s + h = 11. What is the remainder when 12 is divided by s?
0
Suppose -g - 4 = -d - 2*d, 3*d = -2*g + 10. Suppose -5*w - 5*j = -430, g*j = 5*w - 2*j - 475. What is the remainder when w is divided by 19?
15
Let d be (2/(-6))/(1/(-39)). Let p(t) = 36*t + 18. Calculate the remainder when p(1) is divided by d + 0 - (2 - 3).
12
Suppose 40 = 3*g + 5*x - 36, 2*g + x = 53. Let q(s) = s. Let l be q(-8). What is the remainder when g is divided by (l/6)/(2/(-15))?
7
Suppose 0 = 8*w + 5*w - 26. Suppose -177 = -5*n + 5*b - 2*b, -5*n + 157 = w*b. Calculate the remainder when n is divided by 9.
6
Let z = 21 + -13. Let c(b) = 4*b**2 + 18*b + 103. What is the remainder when c(-4) is divided by z?
7
Suppose -5*p + 7*f - 6*f + 98 = 0, 4*p - 3*f - 85 = 0. What is the remainder when 55 is divided by p?
17
Let n = -1877 - -1908. Calculate the remainder when 97 is divided by n.
4
Suppose 0 = -z - 5, -5*d + 2*z = -z - 525. What is the remainder when d is divided by 28?
18
Suppose 0 = 3*i - 0*i + 5*m - 170, -161 = -3*i + 4*m. Suppose 3*k - i = 35. What is the remainder when k is divided by 7?
2
Let h be (-10)/2 - -3 - -1. Let g = -9 - -33. Calculate the remainder when g is divided by (-8 - -36)*2/4 + h.
11
Let p(d) = 185*d - 724. Suppose -135 = -3*z - 6. What is the remainder when z is divided by p(4)?
11
Let f = 19 - 20. What is the remainder when 31 is divided by (-3 + 3 + f)*-17?
14
Suppose -26 = -3*u + a, -5*a - 31 = -3*u - 3*a. Calculate the remainder when 13 is divided by u.
6
Let c(a) = -28*a. Let q = -253 + 140. Let m = -59 - q. Calculate the remainder when m is divided by c(-1).
26
Let y(v) = -v**2 - 35*v - 183. What is the remainder when 109 is divided by y(-28)?
5
Let s be 38/9 + 2/(-9). Suppose f = 1, -4*x + 330 = -5*f - 121. Suppose -n = -s*n + x. What is the remainder when n is divided by 10?
8
Let j(k) = k + 1. Let o be j(2). Suppose -4*z = o*v - 1537, -4*z - v + 1577 = -6*v. Suppose -32 - z = -7*a. Calculate the remainder when a is divided by 21.
18
Let w = -282 + 451. What is the remainder when w is divided by 17?
16
Suppose 257 = 3*d + 5*a, d + 0*a = a + 99. Let i(u) = -u**2 + 11*u - 4. Calculate the remainder when 1/(96/d - 1) is divided by i(7).
23
Suppose -1 = 4*z - 9. What is the remainder when -3*4/3 - (-119)/17 is divided by z?
1
Let k(s) = -4*s - 1. Let t be k(-1). Suppose 7 = -t*h + 1. Let g(a) = -50*a - 1. What is the remainder when g(h) is divided by 25?
24
Let i(r) = 12*r**2 - 29*r + 11. What is the remainder when i(3) is divided by 11?
10
Suppose 0*s + 7*s = 266. Suppose -o - k - 5 = -s, 31 = o + 2*k. Calculate the remainder when o is divided by 6.
5
Suppose 3*k = k + 28. Suppose 189 = 3*w - 5*d, -33 = -w + 4*d + 30. Let s = -22 + w. Calculate the remainder when s is divided by k.
13
Let u(x) = -x**3 - 10*x**2 - x - 7. Let b be (-5)/(-20) - (-82)/(-8). Suppose -2*y + 1 + 1 = 0. What is the remainder when u(b) is divided by y?
0
Let p(n) = -6*n - 13. Let h be p(-5). Suppose h = 3*m - 37. Calculate the remainder when 32 is divided by m.
14
Let i(h) = -h + 16. What is the remainder when 14 is divided b